
Is 9 a factor of 81299?
False
Is 3767 a multiple of 132?
False
Is 2755 a multiple of 19?
True
Is 868 a multiple of 62?
True
Is 17 a factor of 10013?
True
Does 12 divide 240?
True
Is 20110 a multiple of 171?
False
Is 18939 a multiple of 177?
True
Does 207 divide 30636?
True
Is 37 a factor of 12580?
True
Does 4 divide 118?
False
Does 22 divide 10160?
False
Does 239 divide 68115?
True
Does 57 divide 7695?
True
Does 85 divide 3230?
True
Is 5359 a multiple of 233?
True
Is 5 a factor of 214?
False
Does 39 divide 961?
False
Does 33 divide 25003?
False
Is 184 a factor of 40619?
False
Is 1350 a multiple of 6?
True
Is 165 a factor of 6177?
False
Does 9 divide 43?
False
Is 15 a factor of 2044?
False
Is 28 a factor of 600?
False
Is 187 a multiple of 11?
True
Is 40 a factor of 1125?
False
Is 10248 a multiple of 157?
False
Is 8 a factor of 14424?
True
Is 246 a multiple of 10?
False
Is 7 a factor of 173?
False
Is 3423 a multiple of 10?
False
Is 406 a multiple of 8?
False
Does 12 divide 729?
False
Is 355 a multiple of 41?
False
Does 8 divide 14496?
True
Is 436 a multiple of 7?
False
Is 68 a factor of 4877?
False
Does 9 divide 648?
True
Does 51 divide 357?
True
Does 12 divide 2628?
True
Is 21 a factor of 6909?
True
Does 154 divide 2464?
True
Is 58083 a multiple of 11?
False
Does 45 divide 18495?
True
Is 90 a factor of 2172?
False
Is 31 a factor of 620?
True
Is 1295 a multiple of 60?
False
Is 19 a factor of 8588?
True
Is 499 a multiple of 12?
False
Is 273 a multiple of 7?
True
Is 29842 a multiple of 37?
False
Is 555 a multiple of 2?
False
Does 72 divide 888?
False
Does 27 divide 656?
False
Does 8 divide 21608?
True
Is 14 a factor of 243?
False
Does 14 divide 264?
False
Does 29 divide 174?
True
Does 4 divide 57?
False
Is 54 a factor of 49593?
False
Does 8 divide 1776?
True
Is 1108 a multiple of 27?
False
Does 27 divide 6777?
True
Does 36 divide 1597?
False
Is 15 a factor of 11235?
True
Is 5 a factor of 3811?
False
Does 51 divide 5355?
True
Is 24 a factor of 4656?
True
Does 15 divide 85323?
False
Is 33 a factor of 33?
True
Does 23 divide 276?
True
Is 43 a factor of 11636?
False
Is 66 a factor of 1451?
False
Does 73 divide 90447?
True
Is 93 a factor of 558?
True
Is 44 a multiple of 19?
False
Does 29 divide 8497?
True
Is 14893 a multiple of 60?
False
Does 6 divide 3624?
True
Is 35 a factor of 936?
False
Does 84 divide 672?
True
Is 1442 a multiple of 2?
True
Is 12 a factor of 967?
False
Is 15400 a multiple of 28?
True
Is 3168 a multiple of 22?
True
Is 232 a multiple of 10?
False
Is 169 a multiple of 13?
True
Is 3234 a multiple of 98?
True
Is 22 a factor of 12364?
True
Does 7 divide 896?
True
Is 10 a factor of 1174?
False
Is 978 a multiple of 163?
True
Does 22 divide 272?
False
Is 216 a multiple of 8?
True
Is 92 a factor of 57072?
False
Does 29 divide 6443?
False
Is 46083 a multiple of 36?
False
Is 13 a factor of 406?
False
Is 103 a factor of 153075?
False
Is 300 a multiple of 6?
True
Is 7557 a multiple of 11?
True
Is 3 a factor of 217?
False
Is 36 a multiple of 4?
True
Is 23 a factor of 339?
False
Is 5040 a multiple of 120?
True
Is 9 a factor of 7560?
True
Does 52 divide 77308?
False
Is 334 a multiple of 37?
False
Is 2496 a multiple of 24?
True
Is 21 a factor of 147?
True
Does 57 divide 37027?
False
Does 13 divide 3248?
False
Is 22 a factor of 2299?
False
Is 14 a factor of 4819?
False
Is 80 a factor of 2320?
True
Is 14816 a multiple of 213?
False
Is 1430 a multiple of 13?
True
Does 15 divide 52495?
False
Does 118 divide 1808?
False
Is 15 a factor of 8175?
True
Is 26708 a multiple of 44?
True
Does 15 divide 382?
False
Does 7 divide 62?
False
Is 32541 a multiple of 13?
False
Is 8 a factor of 6679?
False
Does 18 divide 2009?
False
Is 7 a factor of 4487?
True
Is 10927 a multiple of 43?
False
Is 79 a factor of 40685?
True
Is 3 a factor of 446?
False
Is 12 a factor of 8208?
True
Is 121 a factor of 1274?
False
Is 7 a factor of 1190?
True
Is 1375 a multiple of 9?
False
Is 1024 a multiple of 128?
True
Does 78 divide 1268?
False
Is 28 a factor of 868?
True
Is 732 a multiple of 4?
True
Is 10563 a multiple of 94?
False
Does 6 divide 274?
False
Is 748 a multiple of 11?
True
Is 15 a factor of 31004?
False
Does 10 divide 16170?
True
Is 620 a multiple of 31?
True
Is 4862 a multiple of 45?
False
Is 33 a factor of 6666?
True
Is 13930 a multiple of 15?
False
Is 1960 a multiple of 98?
True
Is 147 a factor of 53432?
False
Is 13 a factor of 12298?
True
Is 74 a factor of 6438?
True
Is 2800 a multiple of 28?
True
Is 6 a factor of 630?
True
Does 18 divide 162?
True
Is 91 a factor of 1545?
False
Does 31 divide 345?
False
Is 64094 a multiple of 27?
False
Does 4 divide 239?
False
Does 14 divide 410?
False
Does 5 divide 2193?
False
Is 2907 a multiple of 19?
True
Does 78 divide 1794?
True
Is 15 a factor of 2445?
True
Is 13 a factor of 14131?
True
Does 30 divide 960?
True
Is 3 a factor of 360?
True
Is 4 a factor of 1607?
False
Does 9 divide 2213?
False
Does 42 divide 2226?
True
Does 106 divide 28514?
True
Is 585 a multiple of 88?
False
Is 94 a factor of 63168?
True
Does 7 divide 10222?
False
Is 1050 a multiple of 42?
True
Does 7 divide 946?
False
Does 23 divide 26197?
True
Is 17 a factor of 4318?
True
Is 50 a factor of 200?
True
Is 12 a factor of 19212?
True
Does 4 divide 550?
False
Does 10 divide 5970?
True
Is 49032 a multiple of 24?
True
Is 766 a multiple of 2?
True
Does 36 divide 2409?
False
Is 2 a factor of 1443?
False
Is 39 a factor of 468?
True
Does 36 divide 3276?
True
Is 5388 a multiple of 12?
True
Does 79 divide 74719?
False
Is 2790 a multiple of 45?
True
Does 73 divide 1168?
True
Is 3683 a multiple of 18?
False
Is 9 a factor of 227?
False
Is 16997 a multiple of 25?
False
Does 11 divide 193?
False
Is 2452 a multiple of 88?
False
Is 1743 a multiple of 4?
False
Is 400 a multiple of 3?
False
Is 1708 a multiple of 28?
True
Is 79 a factor of 1391?
False
Is 5 a factor of 1131?
False
Does 87 divide 15674?
False
Does 21 divide 461?
False
Does 42 divide 5391?
False
Is 116 a factor of 578?
False
Does 67 divide 3953?
True
Is 4041 a multiple of 9?
True
Is 420 a multiple of 30?
True
Is 23572 a multiple of 166?
True
Does 9 divide 20490?
False
Does 26 divide 130?
True
Does 15 divide 340?
False
Is 264 a multiple of 12?
True
Is 122409 a multiple of 67?
True
Does 42 divide 643?
False
Is 6 a factor of 5820?
True
Is 26 a factor of 1225?
False
Does 84 divide 3948?
True
Is 4728 a multiple of 4?
True
Is 1559 a multiple of 7?
False
Is 288 a multiple of 17?
False
Is 5231 a multiple of 9?
False
Does 27 divide 2403?
True
Does 2 divide 110?
True
Is 12 a factor of 15943?
False
Is 20 a factor of 3322?
False
Is 80182 a multiple of 94?
True
Is 9 a factor of 151?
False
Is 7 a factor of 175?
True
Is 2416 a multiple of 19?
False
Is 980 a multiple of 5?
True
Is 2849 a multiple of 77?
True
Is 37 a factor of 222?
True
Is 5107 a multiple of 76?
False
Is 65 a factor of 5005?
True
Is 7 a factor of 4480?
True
Does 24 divide 96?
True
Does 10 divide 2461?
False
Does 27 divide 636?
False
Is 79 a factor of 2054?
True
Does 32 divide 7392?
True
Is 5256 a multiple of 47?
False
Is 848 a multiple of 16?
True
Does 25 divide 8676?
False
Does 2 divide 879?
False
Does 8 divide 52?
False
Is 10 a factor of 670?
True
Is 1080 a multiple of 216?
True
Is 1116 a multiple of 12?
True
Is 24 a factor of 432?
True
Is 132 a multiple of 22?
True
Does 24 divide 74420?
False
Is 15846 a multiple of 38?
True
Is 45 a factor of 90?
True
Is 118 a factor of 3358?
False
Is 6 a factor of 426?
True
Does 219 divide 31974?
True
Is 61 a factor of 305?
True
Is 3 a factor of 49036?
False
Does 3 divide 77?
False
Is 20 a factor of 2080?
True
Is 1224 a multiple of 18?
True
Does 57 divide 1653?
True
Is 37 a factor of 444?
True
Is 26042 a multiple of 96?
False
Is 21 a factor of 12939?
False
Is 18 a factor of 88?
False
Does 51 divide 22366?
False
Is 211 a factor of 25535?
False
Is 11 a factor of 660?
True
Does 52 divide 1237?
False
Does 106 divide 20436?
False
Is 695 a multiple of 42?
False
Is 17976 a multiple of 168?
True
Does 22 divide 3636?
False
Is 7 a factor of 76?
False
Is 1180 a multiple of 77?
False
Is 72 a factor of 21024?
True
Is 4 a factor of 409?
False
Is 37 a factor of 1369?
True
Is 17 a factor of 28781?
True
Is 16371 a multiple of 9?
True
Does 331 divide 1